{"id":1744,"date":"2020-11-02T15:32:08","date_gmt":"2020-11-02T13:32:08","guid":{"rendered":"http:\/\/landing.mutua-enginyers.com\/?page_id=1744"},"modified":"2024-10-03T12:56:41","modified_gmt":"2024-10-03T10:56:41","slug":"gracies-cat-beques-aula-magna","status":"publish","type":"page","link":"https:\/\/landing.mutua-enginyers.com\/index.php\/gracies-cat-beques-aula-magna\/","title":{"rendered":"010- Gracies Cat -Beques Aula Magna"},"content":{"rendered":"\t\t<div data-elementor-type=\"wp-page\" data-elementor-id=\"1744\" class=\"elementor elementor-1744\" data-elementor-post-type=\"page\">\n\t\t\t\t\t\t<section class=\"elementor-section elementor-top-section elementor-element elementor-element-0461af1 elementor-section-full_width elementor-section-height-min-height elementor-section-height-default elementor-section-items-middle\" data-id=\"0461af1\" data-element_type=\"section\" data-e-type=\"section\" data-settings=\"{&quot;background_background&quot;:&quot;classic&quot;}\">\n\t\t\t\t\t\t<div class=\"elementor-container elementor-column-gap-default\">\n\t\t\t\t\t<div class=\"elementor-column elementor-col-50 elementor-top-column elementor-element elementor-element-feae0f0\" data-id=\"feae0f0\" data-element_type=\"column\" data-e-type=\"column\">\n\t\t\t<div class=\"elementor-widget-wrap\">\n\t\t\t\t\t\t\t<\/div>\n\t\t<\/div>\n\t\t\t\t<div class=\"elementor-column elementor-col-50 elementor-top-column elementor-element elementor-element-a24dbab\" data-id=\"a24dbab\" data-element_type=\"column\" data-e-type=\"column\">\n\t\t\t<div class=\"elementor-widget-wrap\">\n\t\t\t\t\t\t\t<\/div>\n\t\t<\/div>\n\t\t\t\t\t<\/div>\n\t\t<\/section>\n\t\t\t\t<section class=\"elementor-section elementor-top-section elementor-element elementor-element-e90ae99 elementor-section-height-min-height elementor-section-boxed elementor-section-height-default elementor-section-items-middle\" data-id=\"e90ae99\" data-element_type=\"section\" data-e-type=\"section\" data-settings=\"{&quot;background_background&quot;:&quot;classic&quot;}\">\n\t\t\t\t\t\t<div class=\"elementor-container elementor-column-gap-default\">\n\t\t\t\t\t<div class=\"elementor-column elementor-col-100 elementor-top-column elementor-element elementor-element-03a95c0\" data-id=\"03a95c0\" data-element_type=\"column\" data-e-type=\"column\">\n\t\t\t<div class=\"elementor-widget-wrap elementor-element-populated\">\n\t\t\t\t\t\t<div class=\"elementor-element elementor-element-dfe7226 elementor-widget elementor-widget-heading\" data-id=\"dfe7226\" data-element_type=\"widget\" data-e-type=\"widget\" data-widget_type=\"heading.default\">\n\t\t\t\t<div class=\"elementor-widget-container\">\n\t\t\t\t\t<h1 class=\"elementor-heading-title elementor-size-default\">Gr\u00e0cies! Formulari enviat correctament.<br>En breu ens posarem en contacte amb tu.<\/h1>\t\t\t\t<\/div>\n\t\t\t\t<\/div>\n\t\t\t\t\t<\/div>\n\t\t<\/div>\n\t\t\t\t\t<\/div>\n\t\t<\/section>\n\t\t\t\t<section class=\"elementor-section elementor-top-section elementor-element elementor-element-945cc7d elementor-section-height-min-height elementor-section-boxed elementor-section-height-default elementor-section-items-middle\" data-id=\"945cc7d\" data-element_type=\"section\" data-e-type=\"section\" data-settings=\"{&quot;background_background&quot;:&quot;classic&quot;}\">\n\t\t\t\t\t\t<div class=\"elementor-container elementor-column-gap-default\">\n\t\t\t\t\t<div class=\"elementor-column elementor-col-100 elementor-top-column elementor-element elementor-element-53116ec\" data-id=\"53116ec\" data-element_type=\"column\" data-e-type=\"column\">\n\t\t\t<div class=\"elementor-widget-wrap elementor-element-populated\">\n\t\t\t\t\t\t<div class=\"elementor-element elementor-element-bb6ae4f elementor-widget elementor-widget-image\" data-id=\"bb6ae4f\" data-element_type=\"widget\" data-e-type=\"widget\" data-widget_type=\"image.default\">\n\t\t\t\t<div class=\"elementor-widget-container\">\n\t\t\t\t\t\t\t\t\t\t\t\t\t\t\t<img decoding=\"async\" width=\"300\" height=\"150\" src=\"https:\/\/landing.mutua-enginyers.com\/wp-content\/uploads\/2024\/08\/01_Marca_Color-300x150.png\" class=\"attachment-medium size-medium wp-image-8922\" alt=\"\" srcset=\"https:\/\/landing.mutua-enginyers.com\/wp-content\/uploads\/2024\/08\/01_Marca_Color-300x150.png 300w, https:\/\/landing.mutua-enginyers.com\/wp-content\/uploads\/2024\/08\/01_Marca_Color-1024x512.png 1024w, https:\/\/landing.mutua-enginyers.com\/wp-content\/uploads\/2024\/08\/01_Marca_Color-768x384.png 768w, https:\/\/landing.mutua-enginyers.com\/wp-content\/uploads\/2024\/08\/01_Marca_Color-1536x768.png 1536w, https:\/\/landing.mutua-enginyers.com\/wp-content\/uploads\/2024\/08\/01_Marca_Color-1200x600.png 1200w, https:\/\/landing.mutua-enginyers.com\/wp-content\/uploads\/2024\/08\/01_Marca_Color-1980x990.png 1980w, https:\/\/landing.mutua-enginyers.com\/wp-content\/uploads\/2024\/08\/elementor\/thumbs\/01_Marca_Color-qryij3g9cn3s29bufyfspwt8npedokcdkxqkx41ln4.png 400w, https:\/\/landing.mutua-enginyers.com\/wp-content\/uploads\/2024\/08\/elementor\/thumbs\/01_Marca_Color-qryij3g6wxjhaucny7dx0uyiyvfbmxw4eu22n9m4mg.png 200w, https:\/\/landing.mutua-enginyers.com\/wp-content\/uploads\/2024\/08\/01_Marca_Color.png 2000w\" sizes=\"(max-width: 300px) 100vw, 300px\" \/>\t\t\t\t\t\t\t\t\t\t\t\t\t\t\t<\/div>\n\t\t\t\t<\/div>\n\t\t\t\t\t<\/div>\n\t\t<\/div>\n\t\t\t\t\t<\/div>\n\t\t<\/section>\n\t\t\t\t<section class=\"elementor-section elementor-top-section elementor-element elementor-element-ffb8e84 elementor-section-height-min-height elementor-section-content-middle elementor-section-boxed elementor-section-height-default elementor-section-items-middle\" data-id=\"ffb8e84\" data-element_type=\"section\" data-e-type=\"section\" data-settings=\"{&quot;background_background&quot;:&quot;classic&quot;}\">\n\t\t\t\t\t\t<div class=\"elementor-container elementor-column-gap-default\">\n\t\t\t\t\t<div class=\"elementor-column elementor-col-66 elementor-top-column elementor-element elementor-element-227a7c6\" data-id=\"227a7c6\" data-element_type=\"column\" data-e-type=\"column\">\n\t\t\t<div class=\"elementor-widget-wrap elementor-element-populated\">\n\t\t\t\t\t\t<div class=\"elementor-element elementor-element-833178b elementor-widget elementor-widget-text-editor\" data-id=\"833178b\" data-element_type=\"widget\" data-e-type=\"widget\" data-widget_type=\"text-editor.default\">\n\t\t\t\t<div class=\"elementor-widget-container\">\n\t\t\t\t\t\t\t\t\t<p>Grup La M\u00fatua dels Enginyers &#8211; Via Laietana, 39 2n pis &#8211;&nbsp;Tel\u00e8fon: <b>93 295 43 00<\/b> WhatsApp:&nbsp;<span style=\"text-align: inherit;\"><b>602 250 068<\/b><span style=\"font-family: var( --e-global-typography-text-font-family ), Oxygen;\"><span style=\"font-weight: var( --e-global-typography-text-font-weight ); letter-spacing: -0.015em;\">. E-mail: <\/span><span style=\"letter-spacing: -0.015em;\"><b>csm@mutua-enginyers.com<\/b><\/span><\/span><\/span><\/p>\n<p><a style=\"font-size: inherit; text-align: inherit; font-family: var( --e-global-typography-text-font-family ), Oxygen; font-weight: var( --e-global-typography-text-font-weight ); letter-spacing: -0.015em; color: #ffffff;\" href=\"https:\/\/landing.mutua-enginyers.com\/index.php\/avis-legal\/\">Av\u00eds legal.<\/a><\/p>\t\t\t\t\t\t\t\t<\/div>\n\t\t\t\t<\/div>\n\t\t\t\t\t<\/div>\n\t\t<\/div>\n\t\t\t\t<div class=\"elementor-column elementor-col-33 elementor-top-column elementor-element elementor-element-c74ffac\" data-id=\"c74ffac\" data-element_type=\"column\" data-e-type=\"column\">\n\t\t\t<div class=\"elementor-widget-wrap elementor-element-populated\">\n\t\t\t\t\t\t<div class=\"elementor-element elementor-element-4f746c1 e-grid-align-right e-grid-align-mobile-center elementor-shape-rounded elementor-grid-0 elementor-widget elementor-widget-social-icons\" data-id=\"4f746c1\" data-element_type=\"widget\" data-e-type=\"widget\" data-widget_type=\"social-icons.default\">\n\t\t\t\t<div class=\"elementor-widget-container\">\n\t\t\t\t\t\t\t<div class=\"elementor-social-icons-wrapper elementor-grid\" role=\"list\">\n\t\t\t\t\t\t\t<span class=\"elementor-grid-item\" role=\"listitem\">\n\t\t\t\t\t<a class=\"elementor-icon elementor-social-icon elementor-social-icon-linkedin-in elementor-repeater-item-8c290c2\" href=\"https:\/\/www.linkedin.com\/company\/gruplamutuadelsenginyers\/\" target=\"_blank\" rel=\"noopener\">\n\t\t\t\t\t\t<span class=\"elementor-screen-only\">Linkedin-in<\/span>\n\t\t\t\t\t\t<i aria-hidden=\"true\" class=\"fab fa-linkedin-in\"><\/i>\t\t\t\t\t<\/a>\n\t\t\t\t<\/span>\n\t\t\t\t\t\t\t<span class=\"elementor-grid-item\" role=\"listitem\">\n\t\t\t\t\t<a class=\"elementor-icon elementor-social-icon elementor-social-icon-twitter elementor-repeater-item-3be6523\" href=\"https:\/\/twitter.com\/MutuaEnginyers\" target=\"_blank\" rel=\"noopener\">\n\t\t\t\t\t\t<span class=\"elementor-screen-only\">Twitter<\/span>\n\t\t\t\t\t\t<i aria-hidden=\"true\" class=\"fab fa-twitter\"><\/i>\t\t\t\t\t<\/a>\n\t\t\t\t<\/span>\n\t\t\t\t\t\t\t<span class=\"elementor-grid-item\" role=\"listitem\">\n\t\t\t\t\t<a class=\"elementor-icon elementor-social-icon elementor-social-icon-facebook-f elementor-repeater-item-993ef04\" href=\"https:\/\/www.facebook.com\/MutuaEnginyers\/\" target=\"_blank\" rel=\"noopener\">\n\t\t\t\t\t\t<span class=\"elementor-screen-only\">Facebook-f<\/span>\n\t\t\t\t\t\t<i aria-hidden=\"true\" class=\"fab fa-facebook-f\"><\/i>\t\t\t\t\t<\/a>\n\t\t\t\t<\/span>\n\t\t\t\t\t\t\t<span class=\"elementor-grid-item\" role=\"listitem\">\n\t\t\t\t\t<a class=\"elementor-icon elementor-social-icon elementor-social-icon-blog elementor-repeater-item-639a42a\" href=\"https:\/\/www.elblogdelaingenieria.com\/cat\/\" target=\"_blank\" rel=\"noopener\">\n\t\t\t\t\t\t<span class=\"elementor-screen-only\">Blog<\/span>\n\t\t\t\t\t\t<i aria-hidden=\"true\" class=\"fas fa-blog\"><\/i>\t\t\t\t\t<\/a>\n\t\t\t\t<\/span>\n\t\t\t\t\t<\/div>\n\t\t\t\t\t\t<\/div>\n\t\t\t\t<\/div>\n\t\t\t\t\t<\/div>\n\t\t<\/div>\n\t\t\t\t\t<\/div>\n\t\t<\/section>\n\t\t\t\t<\/div>\n\t\t","protected":false},"excerpt":{"rendered":"<p>Gr\u00e0cies! Formulari enviat correctament.En breu ens posarem en contacte amb tu. Grup La M\u00fatua dels Enginyers &#8211; Via Laietana, 39 2n pis &#8211;&nbsp;Tel\u00e8fon: 93 295 43 00 WhatsApp:&nbsp;602 250 068. E-mail: csm@mutua-enginyers.com Av\u00eds legal. Linkedin-in Twitter Facebook-f Blog<\/p>\n","protected":false},"author":4,"featured_media":0,"parent":0,"menu_order":0,"comment_status":"closed","ping_status":"closed","template":"elementor_canvas","meta":{"_joinchat":[],"footnotes":""},"class_list":["post-1744","page","type-page","status-publish","hentry"],"_links":{"self":[{"href":"https:\/\/landing.mutua-enginyers.com\/index.php\/wp-json\/wp\/v2\/pages\/1744","targetHints":{"allow":["GET"]}}],"collection":[{"href":"https:\/\/landing.mutua-enginyers.com\/index.php\/wp-json\/wp\/v2\/pages"}],"about":[{"href":"https:\/\/landing.mutua-enginyers.com\/index.php\/wp-json\/wp\/v2\/types\/page"}],"author":[{"embeddable":true,"href":"https:\/\/landing.mutua-enginyers.com\/index.php\/wp-json\/wp\/v2\/users\/4"}],"replies":[{"embeddable":true,"href":"https:\/\/landing.mutua-enginyers.com\/index.php\/wp-json\/wp\/v2\/comments?post=1744"}],"version-history":[{"count":19,"href":"https:\/\/landing.mutua-enginyers.com\/index.php\/wp-json\/wp\/v2\/pages\/1744\/revisions"}],"predecessor-version":[{"id":8938,"href":"https:\/\/landing.mutua-enginyers.com\/index.php\/wp-json\/wp\/v2\/pages\/1744\/revisions\/8938"}],"wp:attachment":[{"href":"https:\/\/landing.mutua-enginyers.com\/index.php\/wp-json\/wp\/v2\/media?parent=1744"}],"curies":[{"name":"wp","href":"https:\/\/api.w.org\/{rel}","templated":true}]}}